f 196 and 833?
49
What is the greatest common factor of 1135 and 113273?
227
What is the highest common factor of 5641 and 3?
1
Calculate the highest common divisor of 133 and 26467.
133
What is the highest common factor of 5046 and 290?
58
Calculate the greatest common factor of 21 and 558726.
21
What is the greatest common factor of 141368 and 1804?
164
What is the greatest common factor of 221 and 629?
17
Calculate the greatest common divisor of 10728 and 37656.
72
Calculate the greatest common factor of 6986 and 287.
7
What is the greatest common divisor of 295 and 3922615?
295
Calculate the greatest common divisor of 20 and 931430.
10
What is the highest common divisor of 3115200 and 649?
649
Calculate the highest common divisor of 201054 and 28.
14
What is the greatest common factor of 4680 and 45760?
520
What is the highest common divisor of 1602 and 4464?
18
What is the highest common divisor of 182179 and 1?
1
What is the highest common divisor of 6696456 and 468?
156
Calculate the highest common divisor of 12756 and 912.
12
What is the highest common divisor of 648 and 72348?
12
What is the highest common factor of 145290 and 1885?
145
What is the greatest common factor of 3933 and 3078?
171
What is the highest common factor of 249 and 166?
83
Calculate the greatest common factor of 134585 and 110.
55
What is the greatest common factor of 66 and 7194?
66
What is the highest common divisor of 567 and 13125?
21
What is the greatest common factor of 203 and 20241739?
203
Calculate the greatest common divisor of 172225 and 83.
83
Calculate the highest common divisor of 3996 and 185.
37
Calculate the greatest common divisor of 157642 and 4.
2
What is the highest common factor of 3 and 292848?
3
What is the highest common divisor of 4938696 and 164?
164
What is the highest common divisor of 21500 and 1300?
100
What is the greatest common factor of 17689 and 49457?
361
What is the highest common divisor of 68 and 64226?
34
Calculate the greatest common divisor of 58 and 319464.
58
Calculate the greatest common divisor of 6598137 and 546.
273
Calculate the highest common factor of 640 and 312096.
32
Calculate the greatest common divisor of 2 and 9473.
1
Calculate the highest common divisor of 35316 and 243.
81
Calculate the greatest common divisor of 11361 and 57887.
541
What is the greatest common divisor of 429 and 3159?
39
What is the highest common divisor of 774 and 101222?
86
What is the greatest common divisor of 298 and 307238?
298
What is the greatest common factor of 9320 and 400?
40
What is the highest common divisor of 4149647 and 122?
61
What is the highest common divisor of 19868 and 24?
4
What is the greatest common factor of 10 and 241070?
10
Calculate the greatest common factor of 9126 and 128.
2
What is the highest common factor of 19321 and 3475?
139
Calculate the greatest common divisor of 75 and 398525.
25
What is the highest common divisor of 13268 and 124?
124
What is the highest common factor of 127 and 4266819?
127
What is the greatest common factor of 470 and 290?
10
Calculate the greatest common factor of 12863 and 142847.
677
What is the greatest common divisor of 814172 and 89?
89
Calculate the greatest common divisor of 633 and 167323.
211
Calculate the greatest common factor of 54 and 49824.
18
What is the highest common factor of 432068 and 182?
182
What is the greatest common factor of 13514 and 11542?
58
Calculate the highest common factor of 123915 and 3245.
55
Calculate the highest common divisor of 305 and 561749.
61
What is the highest common factor of 144 and 14936?
8
What is the greatest common divisor of 182 and 2754934?
182
What is the highest common divisor of 732 and 1542?
6
What is the highest common divisor of 5885 and 35?
5
Calculate the greatest common factor of 4161 and 17651.
19
What is the highest common factor of 4972 and 79100?
452
Calculate the highest common divisor of 2208 and 2616.
24
Calculate the greatest common factor of 461310 and 126.
6
Calculate the greatest common divisor of 1740131 and 4911.
1637
Calculate the highest common divisor of 85 and 15635.
5
What is the greatest common divisor of 155 and 555985?
155
Calculate the greatest common factor of 2920 and 4363940.
1460
Calculate the highest common divisor of 30 and 4266690.
30
What is the highest common factor of 106 and 384886?
106
Calculate the highest common divisor of 709 and 196393.
709
Calculate the greatest common factor of 2991 and 4718801.
997
What is the highest common factor of 528210 and 2250?
90
What is the greatest common divisor of 11 and 15191?
11
Calculate the greatest common factor of 74851 and 49.
7
Calculate the greatest common divisor of 129179 and 23022.
1279
What is the greatest common factor of 1880 and 1439140?
940
Calculate the greatest common divisor of 22025 and 25.
25
What is the highest common factor of 373 and 3?
1
Calculate the greatest common factor of 1427235 and 8874.
1479
What is the greatest common factor of 106 and 34079?
53
Calculate the greatest common factor of 16 and 1000976.
16
Calculate the highest common divisor of 1513 and 2839.
17
What is the greatest common factor of 61612 and 949?
73
What is the greatest common factor of 567 and 1449?
63
Calculate the highest common factor of 825 and 38379.
33
What is the highest common factor of 5495562 and 3924?
1962
What is the greatest common divisor of 1207467 and 3402?
243
What is the greatest common divisor of 5456 and 1136?
16
Calculate the greatest common factor of 12784032 and 288.
288
What is the greatest common divisor of 213 and 208101?
213
What is the highest common factor of 45911 and 217?
31
Calculate the greatest common factor of 83160 and 15.
15
What is the highest common factor of 23644 and 6532?
92
Calculate the greatest common divisor of 1281 and 4893.
21
Calculate the highest common factor of 930307 and 5899.
347
What is the highest common divisor of 455 and 28145?
65
Calculate the greatest common divisor of 30712 and 24.
8
Calculate the highest common divisor of 16021 and 259.
37
What is the greatest common divisor of 3718 and 117286?
338
Calculate the greatest common factor of 7922 and 1398.
466
What is the greatest common factor of 633 and 2569769?
211
Calculate the highest common divisor of 403 and 2573.
31
What is the highest common divisor of 867287 and 93?
31
What is the highest common factor of 106485 and 240?
15
Calculate the highest common divisor of 440 and 103235.
55
Calculate the highest common divisor of 153 and 279.
9
Calculate the highest common divisor of 15340 and 7965.
295
What is the highest common divisor of 17214 and 684?
114
What is the greatest common divisor of 236473 and 445?
89
Calculate the highest common divisor of 18 and 473574.
6
Calculate the greatest common divisor of 196328 and 49588.
1012
Calculate the highest common factor of 24523 and 1233.
137
What is the greatest common divisor of 4038087 and 387?
129
Calculate the greatest common factor of 272 and 1199656.
136
What is the greatest common factor of 144 and 1760742?
18
Calculate the highest common divisor of 25660 and 30.
10
Calculate the highest common factor of 7772597 and 7.
7
What is the highest common factor of 77004 and 644?
92
Calculate the highest common divisor of 6118 and 8512.
266
What is the highest common factor of 15730 and 2002?
286
Calculate the highest common factor of 6 and 19814.
2
Calculate the greatest common factor of 255 and 23.
1
Calculate the highest common divisor of 38680 and 1040.
40
What is the highest common factor of 1098 and 8662?
122
Calculate the highest common divisor of 1054 and 2754.
34
Calculate the greatest common factor of 15 and 19969185.
15
What is the greatest common factor of 53 and 505779?
53
Calculate the greatest common divisor of 8349 and 233013.
759
What is the greatest common divisor of 514883 and 842?
421
What is the highest common divisor of 10568 and 64?
8
Calculate the greatest common factor of 2 and 364846.
2
What is the greatest common factor of 54236 and 4823?
91
Calculate the greatest common divisor of 1245 and 20003.
83
Calculate the greatest common divisor of 1442 and 7707.
7
Calculate the greatest common divisor of 6019 and 1157.
13
What is the greatest common factor of 